) = -10*x + 90. What is s(9)?
0
Let y(j) = -j**2 - 7*j + 104. Determine y(7).
6
Let g(m) = -3*m**2 - 6*m + 7. Give g(1).
-2
Let z(c) = 2*c**2 + 7*c + 2. What is z(-6)?
32
Let j(b) = -11*b + 238. Calculate j(20).
18
Let n(v) = -3*v - 3. Determine n(-5).
12
Let i(y) = 37*y**2 - 4. What is i(-2)?
144
Let u(s) = 27*s + 6. Determine u(0).
6
Let r(b) = b**3 + 2*b**2 + 1. What is r(0)?
1
Let b(x) = -4*x - 67. Calculate b(-17).
1
Let y(s) = -s**2 - 10*s - 5. Give y(-8).
11
Let i(r) = -r**3 - 12*r**2 + 8*r + 23. Give i(-12).
-73
Let l(h) = -8*h - 2. Determine l(-1).
6
Let c(l) = -l**3 - 8*l**2 + 12*l + 6. What is c(-9)?
-21
Let h(n) = -n**3 - 15*n**2 - 11*n + 14. Determine h(-14).
-28
Let r(a) = 2*a**2 + 39*a - 51. Determine r(-23).
110
Let n(y) = -y**3 - y**2 + 46*y - 85. Give n(5).
-5
Let g(t) = t**2 - 13*t - 45. What is g(12)?
-57
Let y(i) = -i**2 - 5*i - 4. Determine y(-3).
2
Let i(y) = -4*y - 8. Calculate i(-6).
16
Let r(d) = 2*d**2 - 17*d + 5. Calculate r(8).
-3
Let l(v) = 4*v**2 + 41*v + 54. Give l(-9).
9
Let b(x) = x**3 + 23*x**2 - 2*x - 26. What is b(-23)?
20
Let p(x) = x**2 + 4*x + 5. Give p(-3).
2
Let o(j) = -j**2 + 2*j + 1. What is o(9)?
-62
Let u(o) = 37*o**3 + 3*o + 2. Calculate u(-1).
-38
Let s(u) = u**2 + 11*u + 40. Determine s(-6).
10
Let s(d) = 6*d - 1. Give s(6).
35
Let d(b) = -2*b**2 + 20*b - 4. Give d(9).
14
Let y(n) = 8*n - 16. Calculate y(-6).
-64
Let v(s) = -35*s - 30. Calculate v(-1).
5
Let a(x) = x**3 - x**2 + 21*x - 71. Determine a(3).
10
Let z(k) = 4*k**2 - 4*k - 4. Calculate z(-4).
76
Let w(n) = 13*n + 23. Calculate w(-5).
-42
Let j(x) = -12*x - 5. Determine j(-2).
19
Let d(q) = q**2 - 10*q + 11. Calculate d(8).
-5
Let j(m) = -4*m - 3. Calculate j(-1).
1
Let t(d) = -d**2 - 2*d + 3. What is t(-6)?
-21
Let d(v) = -v**2 - 13*v - 8. What is d(-12)?
4
Let c(x) = 3*x + 70. Calculate c(-24).
-2
Let b(y) = 7*y + 48. Give b(-18).
-78
Let k(d) = -d**3 + 6*d + 2. What is k(4)?
-38
Let b(j) = j + 5. What is b(10)?
15
Let o(p) = -3*p**2 + 25*p + 5. Calculate o(9).
-13
Let k(a) = -5*a**2 - 7*a - 6. Give k(-1).
-4
Let i(v) = -v**3 - 9*v**2 - 11*v + 30. Give i(-7).
9
Let w(q) = q**3 - 21*q**2 + 21*q - 18. Give w(20).
2
Let w(v) = 2*v**2 + 25*v + 28. Give w(-11).
-5
Let o(w) = w**2 - 4*w + 4. Determine o(4).
4
Let a(u) = -u**3 - 8*u**2 + 2*u - 9. Give a(-8).
-25
Let f(j) = 6*j - 14. Determine f(12).
58
Let m(x) = 2*x**2 - 14*x + 10. What is m(5)?
-10
Let p(g) = g**2 + 26*g + 72. Calculate p(-23).
3
Let j(v) = -2*v - 14. Give j(-10).
6
Let m(s) = 2*s - 2. What is m(8)?
14
Let z(t) = 39*t**2 - 2*t - 2. Give z(-1).
39
Let l(c) = -2*c**2 + 3*c - 10. What is l(-4)?
-54
Let r(d) = -d**3 + 3*d**2 + 6*d - 16. Determine r(3).
2
Let q(h) = 5*h - 64. Give q(13).
1
Let d(u) = 4*u + 20. Calculate d(-8).
-12
Let f(w) = -w**2 - 5*w - 21. Give f(-6).
-27
Let h(w) = w**2 - 4*w - 11. Determine h(7).
10
Let g(o) = -3*o**2 - 21*o + 9. What is g(-7)?
9
Let l(s) = 57*s - 104. Determine l(2).
10
Let f(c) = 6*c + 19. Calculate f(0).
19
Let r(x) = x**2 - 3*x - 2. Give r(6).
16
Let b(f) = 2*f + 9. Give b(-7).
-5
Let r(c) = -c**2 - 5*c + 16. What is r(-8)?
-8
Let y(k) = -k**2 + 9*k + 1. Give y(8).
9
Let n(p) = -7*p**2 - 36*p + 2. Give n(-5).
7
Let v(q) = 54*q**2 + 2*q + 1. What is v(2)?
221
Let o(v) = v**2 - 3*v - 58. Give o(8).
-18
Let s(q) = q**3 + 9*q**2 - q - 3. Give s(-9).
6
Let y(b) = b**3 + b**2 + 8*b - 25. Calculate y(2).
3
Let u(r) = 9*r + 11. What is u(-4)?
-25
Let n(h) = -h**2 + 16*h + 6. What is n(16)?
6
Let o(x) = 19*x + 3. Calculate o(-1).
-16
Let y(g) = 6*g**2 - g - 4. Determine y(-2).
22
Let h(l) = 2*l**2 + 11*l - 5. Give h(5).
100
Let n(c) = -c**2 + 80*c + 417. What is n(-5)?
-8
Let u(i) = i**3 - 5*i**2 - 3*i + 19. Determine u(5).
4
Let d(p) = -3*p**2 + 23*p + 6. Give d(7).
20
Let t(w) = -5*w + 10. What is t(7)?
-25
Let k(w) = -2*w**2 + 9*w + 7. Determine k(7).
-28
Let c(p) = p**3 - 49*p**2 - 3*p + 126. Give c(49).
-21
Let v(p) = -6*p + 46. Determine v(7).
4
Let j(f) = f**3 + 7*f**2 + 3*f - 3. What is j(-7)?
-24
Let p(j) = -5*j + 30. Give p(5).
5
Let g(l) = -2*l**3 - 26*l**2 - 22*l + 17. Determine g(-12).
-7
Let a(l) = -l**3 + 9*l**2 - 15*l. What is a(6)?
18
Let m(i) = -i**2 + 7*i + 2. What is m(6)?
8
Let r(j) = -3*j**2 + 7*j + 51. Calculate r(-4).
-25
Let b(s) = s**2 - 13*s + 10. Give b(12).
-2
Let z(c) = -c**3 + 5*c**2 - 8*c + 6. What is z(4)?
-10
Let f(h) = -4*h**3 - 2*h + 3. Calculate f(2).
-33
Let s(l) = -l**2 + 5*l + 3. What is s(8)?
-21
Let y(z) = 2*z + 5. Determine y(-10).
-15
Let h(c) = 2*c**2 + 28*c - 7. What is h(-14)?
-7
Let x(a) = a**2 - 10*a + 24. What is x(4)?
0
Let o(i) = -i - 10. What is o(-5)?
-5
Let b(p) = -p**2 - 16*p + 3. Give b(-7).
66
Let g(c) = c + 21. Determine g(-12).
9
Let t(m) = -2*m**2 - 4*m + 6. Give t(-4).
-10
Let r(i) = -i + 1. Calculate r(-12).
13
Let n(d) = -d**3 + 6*d**2 - 14*d - 5. What is n(2)?
-17
Let i(c) = c + 9. Calculate i(-12).
-3
Let n(u) = -2*u**3 + 4*u**2 + 4*u - 10. Calculate n(4).
-58
Let p(z) = 22*z - 138. Give p(7).
16
Let a(h) = -h**2 - 6*h + 12. Give a(-9).
-15
Let z(g) = -g**2 + g + 6. Determine z(-3).
-6
Let h(r) = -38*r**2 - 9*r + 9. Calculate h(1).
-38
Let x(t) = t**2 - 6*t + 6. Determine x(4).
-2
Let h(m) = m**2 + 8*m - 17. Calculate h(-10).
3
Let l(d) = d**2 - 10*d + 14. Determine l(9).
5
Let s(n) = n - 8. Give s(-11).
-19
Let g(d) = -11*d - 2. Determine g(-1).
9
Let n(l) = -3*l**2 + 11*l + 2. Determine n(5).
-18
Let w(z) = -z**3 - 8*z**2 + 31*z + 3. Give w(3).
-3
Let p(k) = -k**3 - 5*k**2 - k - 9. What is p(-5)?
-4
Let y(f) = f**3 + 13*f**2 + 1. Determine y(-13).
1
Let s(n) = n**3 - 11*n**2 - 11*n - 17. What is s(12)?
-5
Let o(a) = -a**3 - 12*a**2 + 2*a + 7. Give o(-12).
-17
Let u(b) = 2*b**3 - 15*b**2 + 8*b. Give u(7).
7
Let k(b) = -6*b**2 + 6*b + 10. What is k(-3)?
-62
Let j(q) = -q**3 + 3*q**2 + 5*q - 10. Calculate j(7).
-171
Let l(g) = g**3 - 2*g**2 - 3*g - 8. Give l(0).
-8
Let z(t) = -3*t - 14. Determine z(-3).
-5
Let v(a) = -2*a**2 + 11*a - 6. Calculate v(5).
-1
Let r(c) = 73*c - 1464. Determine r(20).
-4
Let k(f) = -f**3 + 5*f**2 - 2*f + 4. Calculate k(5).
-6
Let h(s) = -s**3 + 13*s**2 + 12*s + 30. Determine h(14).
2
Let u(c) = c**3 + c**2 + c + 24. What is u(0)?
24
Let a(k) = -k**2 - 30*k - 36. Give a(-27).
45
Let w(t) = t**2 - 60*t + 518. Determine w(10).
18
Let g(w) = w + 24. Determine g(-10).
14
Let f(s) = -s**3 - 7*s**2 + s + 2. What is f(-7)?
-5
Let b(w) = w**3 - 2*w**2 - 4*w + 5. Determine b(3).
2
Let t(s) = -5*s**3 + 12*s**2 + s - 4. Give t(4).
-128
Let h(y) = 2*y**2 + 7*y + 5. What is h(-5)?
20
Let b(u) = -u**2 - 16*u + 37. What is b(-18)?
1
Let y(p) = p**3 - 19*p**2 + 47*p - 16. Determine y(16).
-32
Let t(q) = -3*q**2 + 64*q - 64. Calculate t(20).
16
Let l(m) = 12*m - 11. Calculate l(1).
1
Let r(w) = w - 3. What is r(14)?
11
Let d(k) = 2*k + 3. Calculate d(-2).
-1
Let m(c) = 4*c**2 + 9*c + 1. Determine m(-4).
29
Let m(w) = w**2 - 6*w - 5. What is m(5)?
-10
Let v(t) = 11*t - 208. What is v(20)?
12
Let y(n) = 9*n**2 + 2*n - 1. Determine y(1).
10
Let d(n) = -n**3 + 5*n**2 + 2*n - 2. Calculate d(4).
22
Let u(a) = -2*a**2 + 3*a - 3. Calculate u(2).
-5
Let d(y) = -2*y - 6. What is d(-4)?
2
Let v(w) = -4*w + 3. Give v(6).
-21
Let w(t) = 4*t**2 + 9*t + 13. Calculate w(-2).
11
Let o(z) = -16*z**3 - 2*z**2 + z. Calculate o(1).
-17
Let v(p) = -p + 22. Calculate v(-10).
32
Let o(l) = 8*l - 19. Determine o(3).
5
Let s(i) = 5*i**2 - 10*i + 4. Give s(3).
19
Let q(t) = t**3 + 6*t**2 - 4*t + 4. What is q(-6)?
28
Let c(d) = -6*d - 4. What is c(2)?
-16
Let y(t) = -t**2 + 12*t + 8. Calculate y(11).
19
Let z(g) = 11*g**2 - g - 1. Calculate z(-1).
11
Let h(q) = -q**3 + 27*q**2 + 23*q + 53. Calculate h(28).
-87
Let g(z) = -8*z + 77. What is g(12)?
-19
Let l(b) = b**3 + 10*b**2 + 31. Determine l(-10).
31
Let f(z) = 2*z + 17. What is f(1)?
19
Let y(s) = -16*s**3 + 2*s**2 + 4*s + 2. Give y(-1).
16
Let b(r) = -3*r**3 - 7*r**2 + 2*r + 2. What is b(-3)?
14
Let j(a) = a**2 + 3*a - 5. What is j(-6)?
13
Let y(x) = -4*x**3 + 2*x**2 + 2*x + 1. Determine y(-1).
5
Let p(r) = -36*r + 132. Determine p(4).
-12
Let p(i) = 9*i - 6. Calculate p(-5).
-51
Let d(u) = -5*u - 4. Calculate d(2).
-14
Let m(q) = 5*q**2 + 13*q - 2. Give m(-6).
100
Let w(i) = -2*i**3 - 9*i**2 - 9*i + 2. Give w(-4).
22
Let r(o) = -o**3 - 2